atest common factor of 200 and a.
50
Let j = 475 + -757. Let k = j + 457. Calculate the highest common divisor of 25 and k.
25
Let u = -31 + 0. Let y be (-1 - u - 0)/((-15)/(-10)). Calculate the highest common divisor of 70 and y.
10
Suppose 17*l - 26 = -3*y + 18*l, 3*y + l - 22 = 0. Suppose 27 + 141 = y*w. What is the greatest common factor of w and 161?
7
Let s be (295 - 217)*((2 - (-102)/9) + -2). What is the greatest common factor of 104 and s?
52
Let g(z) = 7*z**2 - 14*z - 38. Let n be g(-5). What is the highest common factor of 72 and n?
9
Let o = 15799 - 10591. Calculate the highest common divisor of o and 31.
31
Let z(d) = 3*d**2 - 40*d + 26. Let l be z(14). Calculate the highest common divisor of l and 144.
18
Let f(j) = 6*j**2 + 14*j - 9. Let z be f(-8). Suppose -z - 73 = 6*w. Let d = -31 - w. Calculate the highest common divisor of d and 50.
25
Let l = -14 + 10. Let r = -18338 - -18312. Let b be 5/(10/l) - r. What is the highest common factor of 32 and b?
8
Suppose 2*p + 136*u - 40 = 135*u, 4 = -2*u. Calculate the greatest common divisor of 6069 and p.
21
Let u be (-12)/(-162) + 3 + 424324/108. What is the greatest common divisor of u and 4?
4
Let z(b) = -135*b + 3051. Let m be z(20). Let t be (-3)/((-12)/(-13) + -1). Calculate the greatest common factor of m and t.
39
Suppose 11*x - 6038 = -3695. Calculate the greatest common factor of 994 and x.
71
Let c(t) = 4*t**2 + 14 - 4*t**2 - 5*t - 10 + 9*t**2. Let m be c(-3). Suppose -90 = -5*j + m. Calculate the greatest common factor of 19 and j.
19
Suppose -4*s - 42 = -2*y + 112, 169 = -4*s + 5*y. Let l be ((-18)/24)/(3/s). Calculate the highest common divisor of 1 and l.
1
Suppose 2*k - 3*x - 23283 = 0, -5*k + 3*k - 3*x = -23289. What is the greatest common divisor of 3 and k?
3
Suppose 5*f + 803 = -1767. Let i = f - -554. Let n be (2 - 0) + -2 - -60. Calculate the highest common factor of n and i.
20
Let s = -75 - 118. Let t be 0 + (-6)/(-39) + s/(-13). Calculate the greatest common divisor of 5 and t.
5
Let q = 48 + -46. Suppose -q*h - 3*y + 24 = h, y = -5*h + 40. Let t be 370/45 - 2/9. What is the greatest common factor of t and h?
8
Let y = -22586 - -29228. What is the highest common factor of 243 and y?
81
Let d(z) = 476*z**2 + 4*z + 2. Let y be d(-1). Suppose v + 5*v = y. Let k = v + -53. Calculate the highest common divisor of 208 and k.
26
Suppose 2*l + 0 = -5*k + 38, 0 = 3*k - 4*l - 2. Suppose -h = -38 + 8. Let f = h + -9. What is the highest common factor of k and f?
3
Suppose -5*r + 82 - 19 = -3*v, 0 = -5*v - 5. Suppose 9*f + 4*f - 364 = 0. Let g be 85/7 - 4/f. Calculate the greatest common factor of g and r.
12
Let g be 24124/815 - 54/15. Calculate the greatest common factor of g and 23465.
13
Suppose 239 = -k + 236. Let j be (1 - (k - 2))*3. Calculate the highest common divisor of 198 and j.
18
Let w be 1/(1/1088) - -1. Suppose -5*p - x + 109 = 66, 4*x + 53 = 5*p. Calculate the highest common divisor of p and w.
9
Let d(c) = -c**2 + 18*c + 865. Let a be d(31). Calculate the greatest common divisor of 11 and a.
11
Let g(s) = 13*s + 14. Let v be g(-1). Let p be (25 + (-3 - -5))/v. What is the highest common factor of 3 and p?
3
Let i be (-2052)/30 + (-6)/(-15)*1. Let s be (-102)/i*(-74)/(-3). Let q = -79 - -190. Calculate the highest common divisor of q and s.
37
Let m = 2070 - 2031. What is the highest common divisor of 325 and m?
13
Let w = 13080 + -11731. What is the highest common factor of 923 and w?
71
Let k = -66 + 28. Let z = k - -38. Let m = 54 + z. What is the highest common factor of 18 and m?
18
Let j = 14 + -22. Let f(c) be the second derivative of c**4/6 + 3*c**3/2 + 2*c**2 + 2*c + 4. Let g be f(j). Calculate the greatest common factor of g and 12.
12
Let j = 16525 + -11799. What is the greatest common factor of 34 and j?
34
Let u = 17 + -3. Suppose -5*c + 15 = -10. Suppose 5*y - 95 = -c*g, 3*y = -4*g + y + 66. Calculate the greatest common factor of g and u.
14
Suppose 52*h + 645 = 57*h. Let m = h - 120. Calculate the highest common factor of m and 405.
9
Suppose 3455*g + 5*r = 3451*g + 707, -4*g = -3*r - 683. What is the highest common divisor of g and 28199?
173
Let l = 296 - -232. Calculate the highest common divisor of 396 and l.
132
Let g = 29306 - 16107. Calculate the highest common divisor of 394 and g.
197
Suppose -10 = -m - 5*c, -4*m = -0*c + 4*c - 24. Suppose m*t - 13*t + 1088 = 0. Suppose t + 172 = 14*l. What is the highest common factor of l and 22?
22
Suppose 277 + 213 = 49*b. Suppose 2*k + 79 = w, 88 = -9*w + b*w + k. Calculate the greatest common factor of 5 and w.
5
Suppose -3*w + 6 = -5*q, 0*w + 4*w = 5*q + 8. Let m be (-18)/12*((-88)/12 + w). Calculate the highest common factor of 54 and m.
2
Let o be (-2 + -1)/(165/(-2035)). Suppose 562 = o*s - 4322. Calculate the highest common divisor of s and 330.
66
Suppose -2*v + 1 = -3*x, -x - 2*x + 5*v - 16 = 0. Suppose 4*f + 2*t - 10 = x*t, 2*f + 2 = 4*t. Calculate the highest common factor of 183 and f.
3
Let u be (-455085)/(-315) - (-45)/(-63). What is the highest common divisor of u and 760?
76
Let z be 4/(-6) + 212/12. Suppose r = 5, q - 4*r + z = 4. Suppose 4*f - 4 = 4*y, 0*y + 5*f = 3*y + 7. What is the highest common divisor of y and q?
1
Let p be 3/1 - 144/(-4). Let c(d) = -4*d**2 + 30*d + 3. Let q be c(7). Let j = q + p. Calculate the highest common factor of j and 28.
28
Let s be 4/(-10) - (-682)/5. Suppose j = 2*j - 5, 0 = -2*t - 2*j + 2. Let c be (36/(-6) - t)/((-4)/34). Calculate the greatest common divisor of c and s.
17
Let o be -5 + 224/40 + 6/(-10). Let z be -1 + (o - 198/(-6)). What is the greatest common factor of 480 and z?
32
Suppose 5*z - 44 = -6*z. Suppose b + 1006 = 2*d - b, -2*d = z*b - 1024. Calculate the highest common factor of d and 46.
46
Let a(j) = -j**3 - 17*j**2 - 36*j - 18. Let c be a(-15). Suppose 0 = 26*r - 23*r - c. Calculate the greatest common factor of 384 and r.
24
Let s(h) = -4*h**3 + 6*h**2 + 6*h + 15. Let y be s(-4). Suppose 7*d - 42 - y = 0. Calculate the greatest common factor of 5 and d.
5
Let o(d) = -2*d**3 + 112*d**2 - 110*d + 130. Let v be o(55). What is the highest common factor of v and 1495?
65
Let g be -5 - -5 - (-5)/(-10)*-22. Let v = 46 - 13. What is the highest common divisor of v and g?
11
Let l(c) = 12*c**2 + 319 - 20*c + 239 - 492. Let m be l(10). Calculate the greatest common divisor of 26 and m.
26
Suppose -2*x = 3*x + 5. Let s be 2 + (x - -2) + 0. Let j = -215949 + 215970. What is the greatest common divisor of s and j?
3
Let b(m) = -m**3 - 9*m**2 - 22*m - 52. Let i be b(-8). Calculate the greatest common factor of 235 and i.
5
Let t be 15 + (12/(-9) - (-1)/3) - 8. What is the highest common divisor of t and 5958?
6
Let n(a) = -113*a + 1928. Let u be n(17). What is the highest common factor of 1638 and u?
7
Suppose 117*n = 112*n + 45. Let d(g) = -98*g**2 - g + 1. Let i be d(1). Let b be i/(-84) + (-1)/6. Calculate the greatest common divisor of n and b.
1
Suppose 0 = b - 5*a - 14, -a - 1 - 21 = -5*b. Suppose 29 = -0*x + 5*x + 4*n, 4*x - b*n = 16. Let z = x - -11. Calculate the highest common divisor of z and 4.
4
Let d(j) = -j**2 + 52*j + 1959. Let s be d(-25). What is the greatest common factor of 8398 and s?
34
Let p(q) = -q + 146. Suppose -32*x = -3*y - 28*x - 48, 0 = -4*x. Let h be p(y). What is the highest common factor of h and 18?
18
Let a(m) = 5*m**2 + 310*m + 125. Let r be a(-62). What is the highest common divisor of r and 765?
5
Suppose s - 33 = -0*s. Suppose 722 = -3*y - 16. Let q = 279 + y. What is the highest common factor of s and q?
33
Let n be ((-148)/222)/(4/353*(-8)/1104). Calculate the greatest common divisor of 23 and n.
23
Let g(b) = 91*b + 222. Let y be g(-2). What is the greatest common factor of 175 and y?
5
Let k = -590 - -353. Let x = 265 + k. What is the greatest common factor of 28 and x?
28
Suppose 2*j - 15 = -3*j. Suppose 5*h + 36 = 4*v, -5*v = j*h - 0 - 8. Suppose v*z + 0*z = 28. Calculate the highest common factor of 14 and z.
7
Let t(r) = 62*r - 3134. Let o be t(51). What is the greatest common divisor of 581 and o?
7
Let b(a) = -3*a**2 + 12*a + 2. Let u be b(4). Suppose -u*v - 16 = -q - 3*v, -2*v + 48 = 3*q. Calculate the highest common divisor of 64 and q.
16
Let y(i) = -129*i - 108. Suppose 5*p = -